
Evaluate -12613 - -12505 - (0 + -242).
134
What is the value of (207 - 260) + 6 + 34?
-13
What is the value of (-520 - -493) + (7 + -32 - 8)?
-60
What is 52 + 0 - (-127 - -215)?
-36
Calculate 25 - (15 - (-24 + 3)) - (1 + (2 - -26)).
-40
What is (-8 - -19 - (11 + -1)) + 2 + 6?
9
What is the value of -170 + (-27 - -58) + 72?
-67
Calculate -294812 + 294817 + 0 + 0 + (1 - -65).
71
-2 - ((5 - 1 - 22) + (15 - 74))
75
What is the value of (190 - 193) + (-9 - (0 - 2)) + 59 + -9?
40
-19 + (-7 - -20) - (-1 - -8)
-13
3 + -14 + (13 + -7 - 18 - -15)
-8
Evaluate -1085 - -1085 - ((0 - (-3 - -1)) + -115).
113
Evaluate 31 + (65 - 14) - 50.
32
14 - -2 - (-30 + (9 - -2) - 11)
46
Calculate 23 + 13 + -11 + 15 + 10.
50
Evaluate -97 + 20 + (455 - 356).
22
What is -91 - -218 - (-1 - -6) - 32?
90
Calculate -14 + 2 + 107 + -50.
45
(1 - -80) + 42 + -131 + 90
82
What is -39 + 6 + -16 + (-19 - -25)?
-43
What is -4 - (-55 + (-13 - 44 - -24))?
84
Calculate ((-38 - -121) + -55 - (27 - 3)) + 8.
12
What is the value of (11250 - 11234 - (23 + 0 - 1)) + -12?
-18
What is (5 - 0 - (3 + -27)) + 20?
49
Calculate -80 + 13 + -40 + 63.
-44
-1850 + 1860 - (-1 + -34)
45
Evaluate 434 + -351 - (3 - -40).
40
Calculate 0 + 2 + 0 + 11 + (137 + -98 - 106).
-54
Evaluate 14 + (-3 - -1) + -2 + (4 - (47 - 2)).
-31
What is -1 - 3 - (11 + -13 + 14)?
-16
What is -82 - (-19 - 32) - 14?
-45
Evaluate (11 - 0) + -3 + 2 + 0 - (2425 - 2488).
73
Evaluate 6 + -3 - (-370 - -395).
-22
What is 0 + -1 - (-8 + -5 + 59 - (-124 + 108))?
-63
What is (-4 - 32) + -12 + 7 + 3 + -2?
-40
What is the value of -140 + (18 - 10 - 0 - 5) - (-28 - -30)?
-139
Evaluate (10 - (21 - 20 - (0 - 1))) + -10.
-2
What is the value of 86 - (2 - (48 + -21 - 59))?
52
What is the value of -7 - (8 - -26) - (441 + -438)?
-44
Evaluate -95 - (-5 + -136 + 70).
-24
-37 + (26 - 3) + (-30 - -7)
-37
Evaluate (69 - -9) + 1458 + -1427.
109
0 + 0 - 3 - (25 - (41 - 29))
-16
Calculate 140 - (2 - (-18 - (26 - 34))).
128
What is the value of -3700 + 3733 - (38 + 1)?
-6
Calculate -8 - (20 + 5) - (-16 + -73).
56
Calculate (162 - 149) + -5 + (-6 - 10).
-8
-33 + 9 + 0 - ((1 - 8) + 20)
-37
Calculate 49 - (-26 + (128 - 53)).
0
Evaluate (103 + -16 - (16 - 25 - (-1 - 3))) + -3.
89
What is the value of 75 - (26 - (-6 + 10 + 13))?
66
Evaluate -72 + (34 - 18) + (-164 - -141).
-79
What is the value of (64 - -23) + -74 + -2 + -39?
-28
Evaluate 5 - (-5 + 10 - 8) - (9 - (-15 - 85)).
-101
Calculate -57 + 17 + -31 + 30.
-41
Evaluate 72 - (36 - (50 - 44)).
42
What is the value of -27 + (-14 - (19 - (-3 + 17)))?
-46
Evaluate (-16 - -57) + (-17 - 2) + -2.
20
What is -10 + (-19 - (5 - 0) - 0 - -39)?
5
Evaluate (0 + 0 - 5) + (-222 - 12) + 218.
-21
Calculate 13 + 3 + -55 + 36 + 1 + 1.
-1
0 - -5 - 46 - -11
-30
Evaluate 25 + -60 + 31 + -6 + -1 + 94 + 9.
92
Evaluate (-19 - (-37 + 7)) + -8 + 0 + -10.
-7
Evaluate 477 + -189 + -220 - (6 - (-1 + 1)).
62
What is (64 - -32) + 5 + 17 + (5 - 1) + -11?
111
What is (-44 - 0) + (-11 + -15 - -15 - -17)?
-38
What is 6 + (-9 - 5) + (12 - (7 + -13))?
10
23 + -11 + (-135 - (6 - 7)) - (-8 - 8)
-106
Calculate -572 - -1052 - 444 - (0 + -10 + -1).
47
Evaluate (15 - 3) + -117 + 95 + 11 - (53 + 0).
-52
What is the value of -98 - (-25 - -40 - (7 - -5 - (0 + 5)))?
-106
(13 + -2 - (-3 - -36)) + (1 - -13)
-8
What is the value of ((-10 - 4) + 64 - 32) + 34?
52
What is (11 - -2) + (8 - 35 - 1)?
-15
What is -40 - (57 - -38 - 225)?
90
Calculate 46 + (31 - -13 - 111).
-21
-43 + (63 - 35) + (-7 - 6)
-28
What is the value of (-13 - -28 - -6) + (-4 + 6 - -3 - 9)?
17
17 + -42 + 27 + 39 + -9
32
Calculate 1 + 71 + -9005 + 9024.
91
Evaluate (32 - -67) + -2 + -114.
-17
Calculate 13 + -20 + 23 + -17 + -7.
-8
Evaluate 1 - 7 - (58 - (59 - 3)) - 44.
-52
0 + -4 + (30 - (-35 + -5 - -33))
33
What is -72 - -1 - (1706 + -1719)?
-58
40 + -8 + -21 + (-8 - -18) + 12
33
What is 1 - ((156 - 165) + (-8 - 1))?
19
What is 10 - (-25 + 4 + -8 - -9)?
30
What is the value of -68 - (7 - -9 - (21 - (14 + 0 + 1)))?
-78
What is (-31 - (40 - 146)) + -9 + 23?
89
332 + -394 - (26 + 26)
-114
What is 9 + (0 - 0) + 25 + -110 + 89 - 30?
-17
What is the value of 41 + (-220 - (51 - 143))?
-87
Evaluate -31 - (-59 - -17) - 23.
-12
Calculate 28 - ((-25 - -4) + 1).
48
What is -1 + -105 + -8089 + 8242?
47
What is the value of 144 - 4 - (-1507 - -1602)?
45
49 - ((-9 - -60) + 3)
-5
What is the value of -42 + 40 - (0 + -21) - (-74 + 79)?
14
-27 - (36 + (-80 - 50))
67
What is -101 + 97 - ((2 - (3 - -2)) + 6 - 35)?
28
Evaluate -52 + 41 + 69 + -46.
12
71 + 3 + -3 + (-36 - -39) + 16
90
What is the value of 1 + (10 - (-17 - 28)) + -24?
32
Calculate -36 + (8 - -6 - -25).
3
What is the value of 33 + -1 - (-13 + (-16 - -29))?
32
What is the value of -1 + -2 + (-13 - (-33 + 15) - -3) - -61?
66
What is 12 + (1 - 1) + (1664 - 1714) - -1?
-37
-89 - (-47 + (-33 - -29) + 34)
-72
What is the value of (0 - 47) + (170 - 181 - (4 - (4 + 16)))?
-42
36 + (2 - 4) - (70 - -74)
-110
Calculate 10 + -9 - (25 + (-2 - -1) - (-15 - -11)).
-27
Evaluate -57 + (98 - 27) - 75.
-61
What is -60 + -41 - -75 - -89?
63
What is 58 - (35 + 161 + -126)?
-12
What is the value of 3 - (-22 + -10 - (-21 - 2))?
12
Calculate -38 + 94 - 6 - 15.
35
47 - (-6 - -30) - (-3 - -7)
19
Evaluate -106 + 128 + (-12 + -3 - (-1 - 1)).
9
What is 5 + (-24 - -2) + (-62 - (-31 + -8))?
-40
Evaluate -30 + 11 - (-10 + -35).
26
What is the value of -28 - (70 - (33 + (12 - 12)))?
-65
What is (25 + -241 - -136) + -53?
-133
-15 + (69 + -64 - (-4 + (-5 - -27))) - 4
-32
Calculate -74 - (13 + 0 + (1306 - 1311)).
-82
Evaluate 36 - (108 + (7 - 105)).
26
Evaluate 10 - (-43 - -119 - 129).
63
Evaluate (-9 - 28) + (82 - 72).
-27
-11 + (1 - 0) - (-106 + 164 - (4 + -7))
-71
What is (6 - (-3 - -8) - -9) + (8 - 139) + 13?
-108
What is the value of 85 + (-43 - -13 - -76)?
131
-37 - (-133 + -6 + 86)
16
Calculate (1 - (-44 - -13) - (-2 - 8)) + 14.
56
Calculate (45 - 16 - 0) + -34.
-5
35 - (-21 - (-10 - 24)) - 44
-22
22 + (1 - 2 - (350 - 369))
40
What is the value of 0 + 4 + 6 - (25 - -2) - -6 - -11?
0
What is (-84 - (-35 + 10 - -1)) + (-4 - (-3 - 0))?
-61
What is (-46 - -14) + (-22 - -22) + -17?
-49
Evaluate (-2 - (-2 - 0)) + (4 - 48).
-44
-7 - (3 + 0 + 5 + 3 - 38)
20
What is the value of -9 + (14 - (-46 + 10)) + 0 - -1?
42
What is the value of -10 + 0 - (2 - 37 - (37 - (35 + 15)))?
12
What is the value of -2 + 8 + -31 + (57 - (-19 - -48))?
3
Calculate 53 - (-5 + 68) - (-1 + 4 + -5 + -137).
129
What is the value of 42239 - 42093 - (1 + -1 + 33)?
113
What is (-58 - -30) + 19 + (-4 - -6) + -41?
-48
18 - (21 - -42) - (-1 + -11)
-33
-12 + 127 + -37 + -74
4
What is the value of 1 + 12 + (-30 - (41 + -12 + -25))?
-21
10 - (20 - -49) - (-7 - -23 - 8)
-67
What is the value of 17 + (-5 + 27 - -7) - 187?
-141
Evaluate 2 - -4 - (6211 - 6236).
31
-11 - 85 - (1016 - 1212)
100
Calculate -11 + (12 - (-13 + 24 - -3)).
-13
What is (-9 - 0) + (116 - 132) + 9 + 2?
-14
What is the value of 82 - (-52 - -41 - -15 - -42)?
36
-34 + 20 + 60 - (0 - (6 + -1))
51
27 + (-87 - (-27 - -4))
-37
Calculate 29 + (-9 - -9) + -204 + 103.
-72
Calculate 8 - (-37 - (-1 + (-5 - 11))).
28
What is the value of 68 - 46 - (-122 + 46)?
98
What is the value of (0 - 0 - (-4 + -2)) + 0 + -2?
4
Calculate (32 - (56 + -64)) + -2.
38
7 + 17 + 10 + -36 + -42
-44
What is -4 - (-9 - 9 - -25) - -9?
-2
What is (2 - (-2 + (12 - (10 + -2)))) + (-6 - 12)?
-18
Calculate -6 + (-56 - -13 - -10) + (-3 - -3 - 3).
-42
(-53 - -55) + 13 + -1 - 5 - -17
26
Calculate -1217 + 1186 + (-1 - -15) + -19.
-36
What is the value of 1 + -113 - (-424 + 363)?
-51
What is 0 + -15 - -25 - (-35 - -27)?
18
-4640 - -4575 - (1 - 79)
13
Evaluate (5 - (291 + -129)) + 58.
-99
What is -22 + 0 + 0 + 9 - -14?
1
(-42 - 61) + 106 + -25 + -1
-23
-68 + (-43 - -34 - -52)
-25
What is (-37 - -164) + -39 + -97?
-9
116 + (30 - (10 - (15 + -46)))
105
Evaluate -22 - (-1 + 16 - (9 + -9)).
-37
What is the value of (267 - 228) + (-34 - 11)?
-6
Calculate 13 + 21 + -4 + -10 + (-2 - (6 - -1)).
11
What is the value of -7 + (25 - 77) + 45 + (-80 - 1)?
-95
What is (6 - (2 + 2)) + 18 - 2?
18
Evaluate (0 - ((-5 - -1) + -2 + 4)) + 413 + -470.
-55
What is the value of 0 - 0 - ((39 - -15) + 24 - (-36 - -27))?
-87
What is the value of (0 - -1) + 19 + -957 + 952?
15
Calculate (-34 + -1 - -7) + (5 + 1 - (-1 - -